
Is 340772057 prime?
False
Is 14029074677 a composite number?
False
Is 77091674353 a prime number?
True
Is 5130706453 a composite number?
False
Is 1187896553 a prime number?
True
Is 2534973403 composite?
False
Is 10932422 a composite number?
True
Is 2577353969 composite?
True
Is 652684667 composite?
True
Is 144518824757 composite?
False
Is 35515401083 composite?
False
Is 39512657489 composite?
True
Is 4670184535 a prime number?
False
Is 4575084991 a prime number?
False
Is 23421974447 a prime number?
True
Is 291037519 a composite number?
False
Is 13136727539 a prime number?
False
Is 14582598037 composite?
True
Is 3571374923 composite?
False
Is 61141079167 a composite number?
True
Is 22937845907 a composite number?
True
Is 818109097 a composite number?
True
Is 196713683 a prime number?
True
Is 6757019117 a prime number?
True
Is 2485666423 a prime number?
False
Is 4450116919 a composite number?
False
Is 21301589789 a prime number?
True
Is 3853024559 a composite number?
True
Is 218386319 a composite number?
False
Is 16760975443 a prime number?
False
Is 53668717 composite?
False
Is 6391670473 a composite number?
True
Is 7351130494 composite?
True
Is 198068093 a composite number?
True
Is 76195095859 prime?
True
Is 251821090393 prime?
True
Is 1603171351 composite?
False
Is 2285398361 a composite number?
True
Is 597128569 composite?
True
Is 14505212119 a composite number?
False
Is 3252982483 composite?
True
Is 2394880139 a composite number?
True
Is 4535422193 prime?
True
Is 204736417 prime?
False
Is 60618433 a prime number?
False
Is 533877833 composite?
True
Is 67278369929 a prime number?
True
Is 14013793099 composite?
False
Is 3649790699 a composite number?
True
Is 3071724739 prime?
False
Is 12521654903 a composite number?
False
Is 27963062999 composite?
False
Is 38638708135 a prime number?
False
Is 70275668851 prime?
False
Is 10068056797 composite?
False
Is 79372667 composite?
True
Is 103103659 prime?
True
Is 2304386962 composite?
True
Is 4142782069 a prime number?
True
Is 3618488551 a composite number?
False
Is 17610603211 a prime number?
False
Is 3638843647 a composite number?
False
Is 1956206249 composite?
True
Is 48918745639 composite?
True
Is 169648871 composite?
True
Is 530767271 composite?
False
Is 482078209 composite?
False
Is 755165927 prime?
True
Is 6655585777 prime?
False
Is 57332188618 a composite number?
True
Is 2210601993 a prime number?
False
Is 429097193 a composite number?
True
Is 9286500799 prime?
False
Is 18811831646 a prime number?
False
Is 22263430801 prime?
False
Is 277795873 prime?
True
Is 54109800179 a prime number?
True
Is 475218763 a composite number?
False
Is 105505545929 a prime number?
False
Is 14498408657 a prime number?
True
Is 2698172927 a composite number?
False
Is 3397202521 prime?
True
Is 101376744787 a composite number?
False
Is 29009997349 composite?
False
Is 152293926527 a prime number?
True
Is 843147407 a composite number?
True
Is 1571703377 composite?
False
Is 4738243589 a prime number?
True
Is 8585946581 a prime number?
True
Is 2857265221 a composite number?
True
Is 418095877 a composite number?
False
Is 8087555149 composite?
False
Is 24590269943 a prime number?
False
Is 5901098657 prime?
False
Is 17395716179 a composite number?
False
Is 6092782369 prime?
True
Is 35901917203 prime?
False
Is 3078085105 a prime number?
False
Is 105621242107 a prime number?
False
Is 3530078729 composite?
False
Is 3525615923 composite?
False
Is 97529041 prime?
False
Is 1446656681 a prime number?
True
Is 421531687 composite?
False
Is 4551211403 prime?
False
Is 19865174921 a prime number?
True
Is 311396003 a prime number?
False
Is 146280961 a prime number?
False
Is 1764562399 prime?
True
Is 13666731431 a composite number?
False
Is 5504435997 a composite number?
True
Is 14726310899 a composite number?
True
Is 3651762967 composite?
False
Is 11421223351 prime?
True
Is 1828052777 a composite number?
False
Is 8494145969 a composite number?
True
Is 3565455769 prime?
True
Is 4206086189 composite?
True
Is 323321083 composite?
False
Is 3589016881 prime?
True
Is 4270342766 composite?
True
Is 3637484437 a prime number?
False
Is 1122308899 a composite number?
False
Is 726844147 a composite number?
False
Is 206651449 composite?
True
Is 467106283 composite?
True
Is 534978089 composite?
True
Is 7075064999 a prime number?
True
Is 7432592059 a composite number?
True
Is 129534364061 composite?
True
Is 144379589 a prime number?
False
Is 6527746529 prime?
False
Is 598573217 prime?
False
Is 4391454737 prime?
True
Is 47617934633 a prime number?
False
Is 4236142783 a composite number?
True
Is 95519743 composite?
True
Is 15447688219 a prime number?
False
Is 8286369151 a composite number?
True
Is 769617619 composite?
False
Is 1130491941 prime?
False
Is 21568796395 a composite number?
True
Is 3818855613 a prime number?
False
Is 2480891561 a prime number?
True
Is 40211322727 composite?
True
Is 121636111 composite?
True
Is 85641859015 composite?
True
Is 3616182007 composite?
False
Is 13676763941 prime?
True
Is 2167842857 a prime number?
False
Is 2363210119 a composite number?
False
Is 9673344831 composite?
True
Is 305270812941 a composite number?
True
Is 287427453 a composite number?
True
Is 4139997091 prime?
True
Is 997886359 prime?
True
Is 2852036413 a prime number?
False
Is 9872116297 composite?
False
Is 880470979 prime?
True
Is 218380159 a prime number?
True
Is 1678753423 prime?
True
Is 3435007451 a prime number?
True
Is 38905734911 a composite number?
False
Is 18529946419 composite?
False
Is 7624932377 prime?
False
Is 1764532795 a composite number?
True
Is 5775871399 a prime number?
True
Is 6925068403 composite?
True
Is 42851485241 a prime number?
True
Is 10277585313 composite?
True
Is 765442703 prime?
True
Is 2014711331 a composite number?
False
Is 93747023 a prime number?
True
Is 1179439351 composite?
False
Is 212421461 composite?
True
Is 68834428961 a prime number?
True
Is 11086417169 a composite number?
False
Is 384055879 prime?
True
Is 12380449031 prime?
True
Is 331575227 prime?
False
Is 86102550929 composite?
True
Is 13668314123 prime?
True
Is 102338914913 composite?
False
Is 153667612639 a prime number?
False
Is 69711721 composite?
False
Is 776586211 composite?
True
Is 75109535933 prime?
True
Is 63790411 composite?
False
Is 2337250283 prime?
True
Is 55981081801 a composite number?
True
Is 3202708181 a composite number?
False
Is 1591380799 a composite number?
True
Is 200504903 composite?
False
Is 17691223085 prime?
False
Is 89926909 a prime number?
False
Is 3567496379 a prime number?
False
Is 2017526081 composite?
True
Is 31924380791 a prime number?
True
Is 2063027489 a composite number?
False
Is 3910013879 a prime number?
False
Is 10048863499 a composite number?
True
Is 5133692119 prime?
True
Is 198802229 a prime number?
False
Is 375837937 prime?
False
Is 2184622289 a prime number?
True
Is 35195458 a composite number?
True
Is 7872819989 composite?
False
Is 158316796819 a composite number?
False
Is 12943413479 prime?
True
Is 718564793 a composite number?
False
Is 134505739 a prime number?
False
Is 14171944823 composite?
True
Is 15887381113 a prime number?
True
Is 170007346993 a composite number?
True
Is 2867840447 composite?
True
Is 3058135489 a composite number?
True
Is 1520420799 a composite number?
True
Is 136500449 a prime number?
True
Is 1856957605 composite?
True
Is 507995443 prime?
True
Is 109663270447 a composite number?
False
Is 4427716567 composite?
True
Is 101063949101 prime?
True
Is 85493951 prime?
True
Is 31260750177 prime?
False
Is 44774663377 composite?
False
Is 1056460133 a prime number?
True
Is 30313387271 prime?
True
Is 721053341 prime?
False
Is 452989213 prime?
False
Is 9583769539 a prime number?
True
Is 120118777 a prime number?
True
Is 105272108093 a composite number?
True
Is 6909825749 a composite number?
True
Is 8990718419 prime?
True
Is 1605694289 a prime number?
True
Is 332964901 prime?
False
Is 71307859459 composite?
True
Is 6879157787 composite?
False
Is 28211554139 a prime number?
True
Is 2399302817 composite?
True
Is 12160320181 prime?
True
Is 78901997 composite?
False
Is 4911527839 composite?
True
Is 1485950867 a prime number?
True
Is 578106737 a composite number?
True
Is 21002993981 a prime number?
True
Is 214738